53 prime?
False
Is 188732069 composite?
False
Is 3469517 composite?
True
Is 36872557 a prime number?
False
Is 1080613 a prime number?
True
Is 372376513 prime?
False
Is 21108523 a prime number?
False
Is 58553477 composite?
True
Is 1228319 prime?
False
Is 1693723 composite?
True
Is 11695559 a prime number?
False
Is 1167953 a prime number?
True
Is 61140281 prime?
False
Is 24554689 a composite number?
False
Is 106591 prime?
True
Is 14920591 prime?
False
Is 245076229 composite?
True
Is 33481733 a composite number?
True
Is 94214729 composite?
True
Is 900264151 composite?
False
Is 9659953 a composite number?
False
Is 23133623 a composite number?
True
Is 187688883 a prime number?
False
Is 95512119 prime?
False
Is 2796751 composite?
False
Is 161115673 composite?
False
Is 2342346857 a composite number?
False
Is 182023213 prime?
True
Is 3385039 composite?
True
Is 718973 a composite number?
False
Is 2309633 composite?
False
Is 11937701 a prime number?
True
Is 613603 composite?
True
Is 6196703 prime?
True
Is 131176079 prime?
True
Is 900122489 composite?
True
Is 2435597 a composite number?
False
Is 37310719 a composite number?
False
Is 328804279 a prime number?
False
Is 61053717 composite?
True
Is 1326197 composite?
False
Is 362123 prime?
False
Is 7694431 composite?
False
Is 2739511 composite?
True
Is 12283141 composite?
True
Is 3782591 a composite number?
False
Is 84934321 prime?
False
Is 90523 prime?
True
Is 674129 prime?
False
Is 20063827 composite?
True
Is 6277571 a prime number?
False
Is 1567997 a composite number?
True
Is 15936157 composite?
True
Is 44777899 a composite number?
True
Is 370300903 prime?
False
Is 27890705 composite?
True
Is 3299993 prime?
False
Is 70605433 a prime number?
False
Is 112083809 a prime number?
True
Is 3807499 a prime number?
True
Is 268066303 a prime number?
True
Is 1893347 composite?
False
Is 49207849 composite?
True
Is 33109499 prime?
True
Is 12954161 composite?
True
Is 6391339 composite?
True
Is 34647371 a prime number?
False
Is 2073367645 prime?
False
Is 2148583 prime?
True
Is 3094601 prime?
False
Is 7641719 prime?
False
Is 144744289 a composite number?
False
Is 103391879 a composite number?
True
Is 2769397 a prime number?
False
Is 93392213 a composite number?
True
Is 69560035 a composite number?
True
Is 220833034 a composite number?
True
Is 49440089 a prime number?
True
Is 7158559 composite?
True
Is 374570593 composite?
True
Is 571853 composite?
False
Is 3642179 composite?
True
Is 482567 prime?
False
Is 161728198 composite?
True
Is 394453 prime?
True
Is 3640223 composite?
False
Is 4873369 composite?
True
Is 166187 composite?
True
Is 32763517 prime?
False
Is 299671879 prime?
False
Is 446071757 composite?
True
Is 661195423 a prime number?
False
Is 565441541 a composite number?
True
Is 64765 a composite number?
True
Is 39897509 a composite number?
False
Is 80189783 a composite number?
False
Is 4002937 prime?
False
Is 3456071 prime?
True
Is 136177121 a composite number?
False
Is 8051609 a prime number?
True
Is 919211 composite?
True
Is 25917457 prime?
False
Is 1927537 prime?
True
Is 101527571 a prime number?
True
Is 19667569 composite?
True
Is 942067 a prime number?
False
Is 7274857 a composite number?
False
Is 20532569 composite?
False
Is 19950229 composite?
True
Is 1776961 composite?
False
Is 42858289 prime?
True
Is 68581943 a composite number?
False
Is 840502781 prime?
True
Is 36090829 a prime number?
True
Is 84030335 a composite number?
True
Is 1962041 prime?
True
Is 1485563 composite?
False
Is 24892339 composite?
False
Is 87293285 prime?
False
Is 1075943 composite?
True
Is 136159 prime?
False
Is 866244293 a prime number?
True
Is 182939039 prime?
False
Is 1105114789 a composite number?
False
Is 379169885 composite?
True
Is 11769155 a composite number?
True
Is 58089193 prime?
False
Is 50766999 composite?
True
Is 823001 prime?
True
Is 1324819 a composite number?
False
Is 1817162 composite?
True
Is 4045379 composite?
True
Is 19758017 prime?
True
Is 2046607 composite?
False
Is 216615839 prime?
False
Is 12925417 prime?
False
Is 4353847 a prime number?
True
Is 3803161 composite?
False
Is 16035433 a prime number?
False
Is 172306571 a composite number?
False
Is 285329419 composite?
True
Is 451737697 a composite number?
False
Is 41929411 prime?
True
Is 142358533 a composite number?
False
Is 23432771 a composite number?
True
Is 796063 prime?
True
Is 3568837 a prime number?
True
Is 2174321 a prime number?
True
Is 5459071 composite?
False
Is 8834855 composite?
True
Is 47700281 a prime number?
True
Is 20439293 a composite number?
True
Is 604801 composite?
False
Is 456947 a prime number?
False
Is 2602849 a prime number?
True
Is 56208679 a composite number?
True
Is 3216487 prime?
True
Is 37356443 a prime number?
True
Is 2011162 prime?
False
Is 196599041 a composite number?
False
Is 20532791 a prime number?
True
Is 28481377 a composite number?
True
Is 6391961 composite?
True
Is 1678007 prime?
False
Is 26992687 prime?
True
Is 508675267 a prime number?
True
Is 538083343 a prime number?
False
Is 26633767 composite?
False
Is 11086249 composite?
True
Is 31801817 a composite number?
False
Is 6458839 a prime number?
False
Is 13697143 a composite number?
False
Is 10883699 composite?
False
Is 2343881 a prime number?
True
Is 5146973 prime?
False
Is 72178003 prime?
True
Is 474949 prime?
True
Is 599891 a composite number?
False
Is 38222441 a prime number?
True
Is 4826831 composite?
False
Is 1284155 prime?
False
Is 76429091 a prime number?
False
Is 40498637 composite?
False
Is 8198317 prime?
True
Is 1162463 prime?
True
Is 3471981 composite?
True
Is 14157881 prime?
True
Is 4904157 a prime number?
False
Is 42811429 a composite number?
False
Is 438991331 a composite number?
False
Is 6826313 composite?
True
Is 619363 a prime number?
True
Is 770122597 a prime number?
True
Is 22569007 a composite number?
False
Is 33986031 prime?
False
Is 9807421 composite?
True
Is 17450299 composite?
True
Is 136811 a composite number?
False
Is 50928853 a prime number?
True
Is 31352889 a prime number?
False
Is 16219981 a prime number?
True
Is 2569397 composite?
True
Is 236083 prime?
False
Is 6460423 prime?
True
Is 5568023 a prime number?
True
Is 165143 a composite number?
True
Is 43534471 composite?
False
Is 208883383 prime?
True
Is 100082777 a prime number?
True
Is 5768599 a prime number?
True
Is 32370353 prime?
False
Is 16222601 a composite number?
True
Is 3254993 prime?
False
Is 299139 a prime number?
False
Is 1872097 a composite number?
False
Is 43145545 a prime number?
False
Is 3564437 a prime number?
True
Is 17770261 composite?
True
Is 15920293 prime?
True
Is 654784477 composite?
False
Is 6693239 a composite number?
True
Is 7741963 a prime number?
True
Is 10081013 a composite number?
False
Is 26682235 composite?
True
Is 1255237 composite?
False
Is 24876439 prime?
False
Is 136845447 a prime number?
False
Is 724157 composite?
True
Is 84373 a prime number?
False
Is 7008257 a prime number?
False
Is 5363539 a prime number?
False
Is 20109187 a composite number?
True
Is 55954271 prime?
False
Is 147117853 composite?
False
Is 59444279 a prime number?
True
Is 30011881 composite?
False
Is 1343269 composite?
True
Is 15600419 composite?
False
Is 213677 a composite number?
True
Is 17320067 a composite number?
False
Is 34133503 composite?
False
Is 34730051 a composite number?
False
Is 19059113 prime?
True
Is 3423797 composite?
True
Is 12604057 composite?
False
Is 304729 a composite number?
False
Is 11847311 a composite number?
True
Is 19187521 a composite number?
True
Is 4635073 a prime number?
True
Is 143476089 a prime number?
False
Is 1676749 composite?
False
Is 1578091 prime?
True
Is 234471331 a composite number?
True
Is 14686277 prime?
False
Is 51959881 a prime number?
True
Is 206977 prime?
False
Is 108135641 composite?
True
Is 7273547 a prime number?
True
Is 8483042 composite?
True
Is 367391 a composite number?
False
Is 2360519 composite?
True
Is 1331359 prime?
False
Is 4552451 a prime number?
True
Is 100202017 a composite number?
False
Is 14428643 prime?
True
Is 167593 composite?
False
Is 318413569 composite?
False
Is 69120089 composite?
False
Is 38261581 a prime number?
False
Is 102771743 a composite number?
False
Is 15527747 a prime number?
False
Is 126929147 a prime